tor of 9416680?
True
Is 111 a factor of 13949148?
True
Is 5346946 a multiple of 368?
False
Is 3637217 a multiple of 15?
False
Does 111 divide 91670?
False
Is 1045158 a multiple of 6?
True
Does 21 divide 1172044?
False
Is 476 a factor of 1663620?
True
Is 172 a factor of 251584?
False
Does 44 divide 197384?
True
Is 377936 a multiple of 314?
False
Is 17 a factor of 239938?
True
Does 18 divide 275450?
False
Is 43890 a multiple of 10?
True
Does 117 divide 175903?
False
Is 48477 a multiple of 39?
True
Does 43 divide 2165888?
False
Is 152076 a multiple of 114?
True
Does 10 divide 718730?
True
Is 86 a factor of 1970776?
True
Does 29 divide 112317?
True
Is 96 a factor of 2868192?
True
Does 21 divide 123562?
False
Is 46 a factor of 24222?
False
Does 8 divide 5992?
True
Is 22 a factor of 755261?
False
Does 44 divide 113828?
True
Is 555832 a multiple of 136?
True
Does 137 divide 180018?
True
Does 98 divide 1305973?
False
Is 5553641 a multiple of 915?
False
Is 31 a factor of 2604031?
True
Does 8 divide 116286?
False
Does 866 divide 554240?
True
Does 293 divide 766002?
False
Does 45 divide 1644660?
True
Does 143 divide 353067?
True
Is 4122240 a multiple of 152?
True
Is 193 a factor of 1191196?
True
Is 603875 a multiple of 7?
False
Is 117 a factor of 4928625?
True
Does 36 divide 56592?
True
Is 1317139 a multiple of 73?
True
Is 4 a factor of 472896?
True
Does 21 divide 449342?
False
Is 7 a factor of 103869?
False
Is 75990 a multiple of 255?
True
Is 39583 a multiple of 23?
True
Is 78048 a multiple of 17?
False
Does 33 divide 102716?
False
Is 5590864 a multiple of 152?
True
Does 500 divide 962671?
False
Is 333658 a multiple of 26?
True
Is 236 a factor of 731504?
False
Is 115 a factor of 6574435?
True
Is 88 a factor of 580023?
False
Is 231202 a multiple of 88?
False
Does 125 divide 51876?
False
Does 19 divide 140277?
True
Does 12 divide 296165?
False
Is 50 a factor of 62185?
False
Is 11137 a multiple of 3?
False
Is 3073421 a multiple of 7?
False
Is 15 a factor of 360165?
True
Is 34 a factor of 5207661?
False
Is 598 a factor of 287638?
True
Is 68062 a multiple of 7?
False
Is 6893556 a multiple of 172?
False
Does 524 divide 96416?
True
Is 307 a factor of 1355405?
True
Is 118 a factor of 1582859?
False
Is 20 a factor of 73380?
True
Does 6 divide 3527352?
True
Is 895193 a multiple of 189?
False
Is 31 a factor of 9690228?
True
Does 274 divide 15722120?
True
Is 159 a factor of 3826176?
True
Does 163 divide 3174425?
True
Is 86 a factor of 651106?
True
Is 4155210 a multiple of 6?
True
Does 81 divide 17371561?
False
Is 402496 a multiple of 19?
True
Is 105530 a multiple of 32?
False
Is 263 a factor of 9753152?
False
Is 15 a factor of 9886332?
False
Is 1274371 a multiple of 17?
True
Is 407 a factor of 2092815?
False
Is 280496 a multiple of 16?
True
Is 34846 a multiple of 7?
True
Does 7 divide 81562?
False
Is 1198795 a multiple of 65?
True
Is 26152 a multiple of 81?
False
Is 80 a factor of 4296400?
True
Is 185232 a multiple of 272?
True
Is 751380 a multiple of 210?
True
Does 254 divide 1610772?
False
Is 26 a factor of 1683396?
True
Is 77729 a multiple of 48?
False
Is 7475349 a multiple of 14?
False
Does 12 divide 1388438?
False
Is 6048163 a multiple of 282?
False
Does 6 divide 106762?
False
Does 570 divide 5417850?
True
Is 8 a factor of 3138408?
True
Is 26 a factor of 59722?
True
Is 161032 a multiple of 10?
False
Is 116900 a multiple of 48?
False
Is 852687 a multiple of 17?
False
Is 981591 a multiple of 123?
False
Is 2761914 a multiple of 93?
True
Does 15 divide 109443?
False
Is 53 a factor of 1815987?
False
Does 231 divide 1942706?
False
Does 84 divide 2301099?
False
Is 31 a factor of 136989?
True
Is 224252 a multiple of 14?
True
Is 2837971 a multiple of 178?
False
Is 257 a factor of 2197864?
True
Is 305343 a multiple of 43?
True
Is 83643 a multiple of 14?
False
Is 20 a factor of 5366600?
True
Is 123131 a multiple of 17?
True
Is 1745210 a multiple of 10?
True
Does 29 divide 694603?
False
Is 1362060 a multiple of 7?
True
Does 125 divide 607750?
True
Is 5528280 a multiple of 46?
True
Does 325 divide 2504607?
False
Does 181 divide 9217606?
True
Is 532192 a multiple of 5?
False
Is 310660 a multiple of 196?
True
Does 7 divide 136602?
False
Is 60 a factor of 150101?
False
Is 44 a factor of 19214932?
True
Is 25 a factor of 172319?
False
Is 18056 a multiple of 296?
True
Is 54 a factor of 22248?
True
Is 4790776 a multiple of 169?
False
Is 464 a factor of 4217760?
True
Is 56 a factor of 6631016?
True
Is 965 a factor of 19007652?
False
Is 656 a factor of 1663616?
True
Does 12 divide 134400?
True
Does 223 divide 34342?
True
Does 751 divide 770526?
True
Does 8 divide 1722800?
True
Does 781 divide 167915?
True
Does 25 divide 63550?
True
Is 4139222 a multiple of 116?
False
Is 7 a factor of 3697686?
False
Does 51 divide 88536?
True
Is 272323 a multiple of 83?
True
Is 60900 a multiple of 15?
True
Does 21 divide 5535359?
False
Is 341628 a multiple of 9?
False
Is 521564 a multiple of 202?
True
Is 175 a factor of 1007300?
True
Does 73 divide 2386224?
True
Is 16 a factor of 915952?
True
Is 139681 a multiple of 16?
False
Is 42 a factor of 15161958?
True
Is 436848 a multiple of 304?
True
Does 32 divide 114859?
False
Is 88 a factor of 4852233?
False
Is 93911 a multiple of 8?
False
Is 1087245 a multiple of 653?
True
Does 23 divide 248906?
True
Is 31825 a multiple of 335?
True
Is 49752 a multiple of 2?
True
Is 8 a factor of 48760?
True
Is 3 a factor of 2124546?
True
Does 42 divide 35196?
True
Is 135 a factor of 556200?
True
Is 2313240 a multiple of 888?
True
Is 142 a factor of 101246?
True
Does 104 divide 850083?
False
Does 7 divide 779611?
True
Does 14 divide 107954?
True
Does 975 divide 7000500?
True
Is 1209120 a multiple of 229?
True
Is 101 a factor of 694072?
True
Is 1312206 a multiple of 247?
False
Is 7290 a multiple of 30?
True
Is 16 a factor of 2216720?
True
Does 109 divide 6057418?
False
Does 2 divide 10933?
False
Is 25 a factor of 42007?
False
Is 274320 a multiple of 127?
True
Does 22 divide 664030?
False
Does 26 divide 498617?
False
Is 406 a factor of 510092?
False
Is 52626 a multiple of 179?
True
Is 113683 a multiple of 13?
False
Is 4312048 a multiple of 26?
True
Is 64 a factor of 196709?
False
Is 14486769 a multiple of 10?
False
Is 222 a factor of 172272?
True
Does 13 divide 254083?
False
Is 98 a factor of 82418?
True
Is 304 a factor of 2566368?
True
Is 327 a factor of 20949?
False
Is 16598 a multiple of 193?
True
Is 18 a factor of 980856?
True
Is 2405099 a multiple of 67?
True
Does 82 divide 1137504?
True
Is 299566 a multiple of 101?
True
Is 18 a factor of 205586?
False
Does 24 divide 519051?
False
Is 11 a factor of 74588?
False
Is 18 a factor of 498672?
True
Is 227814 a multiple of 188?
False
Does 595 divide 16312159?
False
Is 20 a factor of 40967?
False
Is 17 a factor of 733482?
True
Is 351918 a multiple of 171?
True
Does 70 divide 530197?
False
Does 3 divide 386883?
True
Is 36134 a multiple of 178?
True
Is 182 a factor of 56490?
False
Is 283 a factor of 15673389?
True
Does 18 divide 58824?
True
Does 21 divide 5897076?
False
Is 366669 a multiple of 45?
False
Is 977974 a multiple of 337?
True
Does 150 divide 1727550?
True
Does 66 divide 45738?
True
Is 6 a factor of 295941?
False
Is 39 a factor of 2651142?
True
Is 69294 a multiple of 18?
False
Is 46284 a multiple of 14?
True
Is 52 a factor of 1264224?
True
Is 64699 a multiple of 23?
True
Does 156 divide 76695?
False
Does 377 divide 2283048?
False
Is 1214 a factor of 6987062?
False
Does 19 divide 4960577?
True
Is 11808892 a multiple of 27?
False
Does 40 divide 1966480?
True
Is 928165 a multiple of 4?
False
Is 26 a factor of 575818?
False
Does 7 divide 264331?
False
Does 45 divide 2403540?
True
Is 38 a factor of 6120843?
False
Does 47 divide 1692740?
False
Is 21 a factor of 109158?
True
Does 45 divide 196880?
False
Does 28 divide 4343192?
True
Is 8 a factor of 3403057?
False
Does 3 divide 669708?
True
Is 4738401 a multiple of 10?
False
Is 708 a factor of 1808940?
True
Is 5 a factor of 2766?
False
Is 146982 a multiple of 17?
True
Is 87636 a multiple of 201?
True
Is 58 a factor of 3725166?
True
Is 193 a factor of 299922?
True
Is 673545 a multiple of 33?
False
Is 17 a factor of 3427178?
False
Is 13541739 a multiple of 1925?
False
Is 35